{"id":28884,"date":"2019-03-15T13:41:37","date_gmt":"2019-03-15T12:41:37","guid":{"rendered":"https:\/\/cclittoral.ch\/roc\/?page_id=28884"},"modified":"2025-10-25T23:00:11","modified_gmt":"2025-10-25T21:00:11","slug":"home","status":"publish","type":"page","link":"https:\/\/cclittoral.ch\/leroc\/","title":{"rendered":"Home"},"content":{"rendered":"\n<div class=\"wp-block-columns are-vertically-aligned-center has-3-columns is-layout-flex wp-container-core-columns-is-layout-9d6595d7 wp-block-columns-is-layout-flex\">\n<div class=\"wp-block-column is-vertically-aligned-center is-layout-flow wp-block-column-is-layout-flow\"><div class=\"wp-block-image\">\n<figure class=\"aligncenter\"><img loading=\"lazy\" decoding=\"async\" width=\"200\" height=\"100\" src=\"https:\/\/cclittoral.ch\/leroc\/wp-content\/uploads\/2019\/03\/logo_velo-1.jpg\" alt=\"\" class=\"wp-image-28920\"\/><\/figure>\n<\/div>\n\n\n<p class=\"has-text-align-center\">Club Cycliste du Littoral<\/p>\n\n\n\n<p class=\"has-text-align-center\"><a href=\"https:\/\/www.cclittoral.ch\">https:\/\/<\/a><a href=\"https:\/\/www.cclittoral.ch\" target=\"_blank\" rel=\"noreferrer noopener\" aria-label=\"www.cclittoral.ch (s\u2019ouvre dans un nouvel onglet)\">www.cclittoral.ch<\/a><\/p>\n<\/div>\n\n\n\n<div class=\"wp-block-column is-vertically-aligned-center is-layout-flow wp-block-column-is-layout-flow\">\n<figure class=\"wp-block-image size-large\"><img loading=\"lazy\" decoding=\"async\" width=\"1024\" height=\"1024\" src=\"https:\/\/cclittoral.ch\/leroc\/wp-content\/uploads\/2025\/10\/ROC_DU_LITTORAL_LOGO_COMPLET-01-1024x1024.png\" alt=\"\" class=\"wp-image-36215\" srcset=\"https:\/\/cclittoral.ch\/leroc\/wp-content\/uploads\/2025\/10\/ROC_DU_LITTORAL_LOGO_COMPLET-01-1024x1024.png 1024w, https:\/\/cclittoral.ch\/leroc\/wp-content\/uploads\/2025\/10\/ROC_DU_LITTORAL_LOGO_COMPLET-01-300x300.png 300w, https:\/\/cclittoral.ch\/leroc\/wp-content\/uploads\/2025\/10\/ROC_DU_LITTORAL_LOGO_COMPLET-01-150x150.png 150w, https:\/\/cclittoral.ch\/leroc\/wp-content\/uploads\/2025\/10\/ROC_DU_LITTORAL_LOGO_COMPLET-01-768x768.png 768w, https:\/\/cclittoral.ch\/leroc\/wp-content\/uploads\/2025\/10\/ROC_DU_LITTORAL_LOGO_COMPLET-01-1536x1536.png 1536w, https:\/\/cclittoral.ch\/leroc\/wp-content\/uploads\/2025\/10\/ROC_DU_LITTORAL_LOGO_COMPLET-01-2048x2048.png 2048w\" sizes=\"auto, (max-width: 1024px) 100vw, 1024px\" \/><\/figure>\n\n\n\n<h5 class=\"wp-block-heading has-text-align-center\">\u00e8me Roc du Littoral<br>Course populaire VTT<\/h5>\n\n\n\n<h6 class=\"wp-block-heading has-text-align-center\">dimanche  au centre sportif d&rsquo;Hauterive (NE)<\/h6>\n<\/div>\n\n\n\n<div class=\"wp-block-column is-vertically-aligned-center is-layout-flow wp-block-column-is-layout-flow\"><div class=\"wp-block-image\">\n<figure class=\"aligncenter size-full\"><img loading=\"lazy\" decoding=\"async\" width=\"320\" height=\"103\" src=\"https:\/\/cclittoral.ch\/leroc\/wp-content\/uploads\/2023\/03\/Remise-WBC-logo.jpg\" alt=\"\" class=\"wp-image-33350\" srcset=\"https:\/\/cclittoral.ch\/leroc\/wp-content\/uploads\/2023\/03\/Remise-WBC-logo.jpg 320w, https:\/\/cclittoral.ch\/leroc\/wp-content\/uploads\/2023\/03\/Remise-WBC-logo-300x97.jpg 300w\" sizes=\"auto, (max-width: 320px) 100vw, 320px\" \/><\/figure>\n<\/div>\n\n\n<p class=\"has-text-align-center\">manche de la West Bike Cup<\/p>\n\n\n\n<p class=\"has-text-align-center\"><a href=\"https:\/\/westbikecup.com\/\">https:\/\/westbikecup.com\/<\/a><\/p>\n<\/div>\n<\/div>\n\n\n\n<div style=\"height:44px\" aria-hidden=\"true\" class=\"wp-block-spacer\"><\/div>\n\n\n\n<p><br>Nous nous r\u00e9jouissons de t\u2019accueillir pour la 33e \u00e9dition du Roc du Littoral le dimanche 10 mai 2026!<\/p>\n\n\n\n<p>Notre parcours ludique aux magnifiques singles \u00e0 travers notre belle for\u00eat de Chaumont n&rsquo;attend&nbsp;que&nbsp;toi.<\/p>\n\n\n\n<p>Le r\u00e9confort apr\u00e8s l\u2019effort est assur\u00e9 par notre traditionnel <strong>risotto<\/strong>, et tu auras la possibilit\u00e9 de gagner de super prix lors de notre <strong>tombola<\/strong> pour cl\u00f4turer cette belle journ\u00e9e.<\/p>\n\n\n\n<p>Nous te conseillons de faire du covoiturage pour te rendre sur le site de la course. Ensemble, prenons soin de la for\u00eat de Chaumont&nbsp;!<\/p>\n\n\n\n<p>Ne tarde plus et rejoins nous le dimanche 10 mai pour participer \u00e0 ce bel \u00e9v\u00e9nement sportif et partager des moments conviviaux.<\/p>\n\n\n\n<div style=\"height:57px\" aria-hidden=\"true\" class=\"wp-block-spacer\"><\/div>\n\n\n<div class=\"wp-block-image\">\n<figure class=\"aligncenter size-full\"><a href=\"https:\/\/www.prof.ch\" target=\"_blank\" rel=\"noreferrer noopener\"><img loading=\"lazy\" decoding=\"async\" width=\"400\" height=\"160\" src=\"https:\/\/cclittoral.ch\/leroc\/wp-content\/uploads\/2019\/03\/prof-1.jpg\" alt=\"Cycles PROF L\u00fcthi\" class=\"wp-image-29620\" srcset=\"https:\/\/cclittoral.ch\/leroc\/wp-content\/uploads\/2019\/03\/prof-1.jpg 400w, https:\/\/cclittoral.ch\/leroc\/wp-content\/uploads\/2019\/03\/prof-1-300x120.jpg 300w\" sizes=\"auto, (max-width: 400px) 100vw, 400px\" \/><\/a><\/figure>\n<\/div>\n\n\n<p class=\"has-text-align-center\"><\/p>\n\n\n\n<div style=\"height:57px\" aria-hidden=\"true\" class=\"wp-block-spacer\"><\/div>\n\n\n\n<div class=\"wp-block-columns has-3-columns is-layout-flex wp-container-core-columns-is-layout-9d6595d7 wp-block-columns-is-layout-flex\">\n<div class=\"wp-block-column is-layout-flow wp-block-column-is-layout-flow\">\n<h3 class=\"wp-block-heading\">pour les kids<\/h3>\n\n\n\n<ul class=\"wp-block-list\">\n<li>d\u00e8s 12h30<\/li>\n\n\n\n<li>de 3 \u00e0 12 ans<\/li>\n\n\n\n<li>8 cat\u00e9gories<\/li>\n\n\n\n<li>prix souvenir pour tous<\/li>\n<\/ul>\n\n\n<div class=\"wp-block-image\">\n<figure class=\"aligncenter\"><img loading=\"lazy\" decoding=\"async\" width=\"339\" height=\"244\" src=\"https:\/\/cclittoral.ch\/leroc_new\/wp-content\/uploads\/2019\/03\/pour_kids.jpg\" alt=\"\" class=\"wp-image-28917\" srcset=\"https:\/\/cclittoral.ch\/leroc\/wp-content\/uploads\/2019\/03\/pour_kids.jpg 339w, https:\/\/cclittoral.ch\/leroc\/wp-content\/uploads\/2019\/03\/pour_kids-300x216.jpg 300w\" sizes=\"auto, (max-width: 339px) 100vw, 339px\" \/><\/figure>\n<\/div><\/div>\n\n\n\n<div class=\"wp-block-column is-layout-flow wp-block-column-is-layout-flow\">\n<h3 class=\"wp-block-heading\">pour les bikers<\/h3>\n\n\n\n<ul class=\"wp-block-list\">\n<li>d\u00e8s 10h<\/li>\n\n\n\n<li>d\u00e8s 13 ans<\/li>\n\n\n\n<li>15 cat\u00e9gories populaires et \u00e9lites<\/li>\n\n\n\n<li>repas offert<\/li>\n<\/ul>\n\n\n<div class=\"wp-block-image\">\n<figure class=\"aligncenter\"><img loading=\"lazy\" decoding=\"async\" width=\"357\" height=\"244\" src=\"https:\/\/cclittoral.ch\/leroc_new\/wp-content\/uploads\/2019\/03\/pour_bikers.jpg\" alt=\"\" class=\"wp-image-28918\" srcset=\"https:\/\/cclittoral.ch\/leroc\/wp-content\/uploads\/2019\/03\/pour_bikers.jpg 357w, https:\/\/cclittoral.ch\/leroc\/wp-content\/uploads\/2019\/03\/pour_bikers-300x205.jpg 300w\" sizes=\"auto, (max-width: 357px) 100vw, 357px\" \/><\/figure>\n<\/div><\/div>\n\n\n\n<div class=\"wp-block-column is-layout-flow wp-block-column-is-layout-flow\">\n<h3 class=\"wp-block-heading\">pour tous<\/h3>\n\n\n\n<ul class=\"wp-block-list\">\n<li>d\u00e8s 8h<\/li>\n\n\n\n<li>p\u00e2tisseries maison et boissons<\/li>\n\n\n\n<li>d\u00e8s 11h30 risotto g\u00e9ant<\/li>\n\n\n\n<li>14h30 tirage au sort (1er prix 1 v\u00e9lo)<\/li>\n<\/ul>\n\n\n<div class=\"wp-block-image\">\n<figure class=\"aligncenter\"><img loading=\"lazy\" decoding=\"async\" width=\"338\" height=\"244\" src=\"https:\/\/cclittoral.ch\/leroc_new\/wp-content\/uploads\/2019\/03\/pour_tous.jpg\" alt=\"\" class=\"wp-image-28919\" srcset=\"https:\/\/cclittoral.ch\/leroc\/wp-content\/uploads\/2019\/03\/pour_tous.jpg 338w, https:\/\/cclittoral.ch\/leroc\/wp-content\/uploads\/2019\/03\/pour_tous-300x217.jpg 300w\" sizes=\"auto, (max-width: 338px) 100vw, 338px\" \/><\/figure>\n<\/div><\/div>\n<\/div>\n\n\n\n<p><\/p>\n","protected":false},"excerpt":{"rendered":"<p>Club Cycliste du Littoral https:\/\/www.cclittoral.ch \u00e8me Roc du LittoralCourse populaire VTT dimanche au centre sportif d&rsquo;Hauterive (NE) manche de la West Bike Cup https:\/\/westbikecup.com\/ Nous nous r\u00e9jouissons de t\u2019accueillir pour la 33e \u00e9dition du Roc du Littoral le dimanche 10 mai 2026! Notre parcours ludique aux magnifiques singles \u00e0 travers [&hellip;]<\/p>\n","protected":false},"author":1,"featured_media":0,"parent":0,"menu_order":0,"comment_status":"closed","ping_status":"closed","template":"","meta":{"ngg_post_thumbnail":0,"footnotes":""},"class_list":["post-28884","page","type-page","status-publish","hentry"],"_links":{"self":[{"href":"https:\/\/cclittoral.ch\/leroc\/wp-json\/wp\/v2\/pages\/28884","targetHints":{"allow":["GET"]}}],"collection":[{"href":"https:\/\/cclittoral.ch\/leroc\/wp-json\/wp\/v2\/pages"}],"about":[{"href":"https:\/\/cclittoral.ch\/leroc\/wp-json\/wp\/v2\/types\/page"}],"author":[{"embeddable":true,"href":"https:\/\/cclittoral.ch\/leroc\/wp-json\/wp\/v2\/users\/1"}],"replies":[{"embeddable":true,"href":"https:\/\/cclittoral.ch\/leroc\/wp-json\/wp\/v2\/comments?post=28884"}],"version-history":[{"count":56,"href":"https:\/\/cclittoral.ch\/leroc\/wp-json\/wp\/v2\/pages\/28884\/revisions"}],"predecessor-version":[{"id":36218,"href":"https:\/\/cclittoral.ch\/leroc\/wp-json\/wp\/v2\/pages\/28884\/revisions\/36218"}],"wp:attachment":[{"href":"https:\/\/cclittoral.ch\/leroc\/wp-json\/wp\/v2\/media?parent=28884"}],"curies":[{"name":"wp","href":"https:\/\/api.w.org\/{rel}","templated":true}]}}